{"id":1559,"date":"2022-03-07T09:05:22","date_gmt":"2022-03-07T08:05:22","guid":{"rendered":"https:\/\/genbukan.nu\/?page_id=1559"},"modified":"2025-05-14T23:10:08","modified_gmt":"2025-05-14T22:10:08","slug":"instruktorer","status":"publish","type":"page","link":"https:\/\/www.genbukan.nu\/?page_id=1559","title":{"rendered":"Instrukt\u00f6rer"},"content":{"rendered":"\t\t<div data-elementor-type=\"wp-page\" data-elementor-id=\"1559\" class=\"elementor elementor-1559\" data-elementor-settings=\"[]\">\n\t\t\t\t\t\t\t<div class=\"elementor-section-wrap\">\n\t\t\t\t\t\t\t<header class=\"elementor-section elementor-top-section elementor-element elementor-element-c7614d5 elementor-section-height-min-height elementor-section-boxed elementor-section-height-default elementor-section-items-middle\" data-id=\"c7614d5\" data-element_type=\"section\" data-settings=\"{&quot;background_background&quot;:&quot;classic&quot;}\">\n\t\t\t\t\t\t<div class=\"elementor-container elementor-column-gap-default\">\n\t\t\t\t\t<div class=\"elementor-column elementor-col-100 elementor-top-column elementor-element elementor-element-efa0f59\" data-id=\"efa0f59\" data-element_type=\"column\">\n\t\t\t<div class=\"elementor-widget-wrap\">\n\t\t\t\t\t\t\t\t\t<\/div>\n\t\t<\/div>\n\t\t\t\t\t\t\t<\/div>\n\t\t<\/header>\n\t\t\t\t<section class=\"elementor-section elementor-top-section elementor-element elementor-element-76047a4 elementor-section-boxed elementor-section-height-default elementor-section-height-default\" data-id=\"76047a4\" data-element_type=\"section\">\n\t\t\t\t\t\t<div class=\"elementor-container elementor-column-gap-default\">\n\t\t\t\t\t<div class=\"elementor-column elementor-col-100 elementor-top-column elementor-element elementor-element-0dfcf0f\" data-id=\"0dfcf0f\" data-element_type=\"column\">\n\t\t\t<div class=\"elementor-widget-wrap elementor-element-populated\">\n\t\t\t\t\t\t\t\t<div class=\"elementor-element elementor-element-37752a9 elementor-widget elementor-widget-spacer\" data-id=\"37752a9\" data-element_type=\"widget\" data-widget_type=\"spacer.default\">\n\t\t\t\t<div class=\"elementor-widget-container\">\n\t\t\t\t\t<div class=\"elementor-spacer\">\n\t\t\t<div class=\"elementor-spacer-inner\"><\/div>\n\t\t<\/div>\n\t\t\t\t<\/div>\n\t\t\t\t<\/div>\n\t\t\t\t\t<\/div>\n\t\t<\/div>\n\t\t\t\t\t\t\t<\/div>\n\t\t<\/section>\n\t\t\t\t<section class=\"elementor-section elementor-top-section elementor-element elementor-element-e1b4086 elementor-section-full_width elementor-section-height-min-height elementor-section-height-default elementor-section-items-middle\" data-id=\"e1b4086\" data-element_type=\"section\">\n\t\t\t\t\t\t<div class=\"elementor-container elementor-column-gap-default\">\n\t\t\t\t\t<div class=\"elementor-column elementor-col-33 elementor-top-column elementor-element elementor-element-51706ca\" data-id=\"51706ca\" data-element_type=\"column\">\n\t\t\t<div class=\"elementor-widget-wrap elementor-element-populated\">\n\t\t\t\t\t\t\t\t<div class=\"elementor-element elementor-element-c4f5f2e elementor-widget elementor-widget-image\" data-id=\"c4f5f2e\" data-element_type=\"widget\" data-widget_type=\"image.default\">\n\t\t\t\t<div class=\"elementor-widget-container\">\n\t\t\t<style>\/*! elementor - v3.5.6 - 28-02-2022 *\/\n.elementor-widget-image{text-align:center}.elementor-widget-image a{display:inline-block}.elementor-widget-image a img[src$=\".svg\"]{width:48px}.elementor-widget-image img{vertical-align:middle;display:inline-block}<\/style>\t\t\t\t\t\t\t\t\t\t\t\t<img loading=\"lazy\" decoding=\"async\" width=\"768\" height=\"910\" src=\"https:\/\/www.genbukan.nu\/wp-content\/uploads\/2022\/03\/markovic-tanemura-soke-768x910.jpg\" class=\"attachment-medium_large size-medium_large\" alt=\"\" srcset=\"https:\/\/www.genbukan.nu\/wp-content\/uploads\/2022\/03\/markovic-tanemura-soke-768x910.jpg 768w, https:\/\/www.genbukan.nu\/wp-content\/uploads\/2022\/03\/markovic-tanemura-soke-253x300.jpg 253w, https:\/\/www.genbukan.nu\/wp-content\/uploads\/2022\/03\/markovic-tanemura-soke.jpg 844w\" sizes=\"auto, (max-width: 768px) 100vw, 768px\" \/>\t\t\t\t\t\t\t\t\t\t\t\t\t\t\t<\/div>\n\t\t\t\t<\/div>\n\t\t\t\t<div class=\"elementor-element elementor-element-8a213b9 elementor-widget elementor-widget-text-editor\" data-id=\"8a213b9\" data-element_type=\"widget\" data-widget_type=\"text-editor.default\">\n\t\t\t\t<div class=\"elementor-widget-container\">\n\t\t\t<style>\/*! elementor - v3.5.6 - 28-02-2022 *\/\n.elementor-widget-text-editor.elementor-drop-cap-view-stacked .elementor-drop-cap{background-color:#818a91;color:#fff}.elementor-widget-text-editor.elementor-drop-cap-view-framed .elementor-drop-cap{color:#818a91;border:3px solid;background-color:transparent}.elementor-widget-text-editor:not(.elementor-drop-cap-view-default) .elementor-drop-cap{margin-top:8px}.elementor-widget-text-editor:not(.elementor-drop-cap-view-default) .elementor-drop-cap-letter{width:1em;height:1em}.elementor-widget-text-editor .elementor-drop-cap{float:left;text-align:center;line-height:1;font-size:50px}.elementor-widget-text-editor .elementor-drop-cap-letter{display:inline-block}<\/style>\t\t\t\t<h2 style=\"text-align: center;\"><span style=\"color: #197dab;\">Josip Markovi\u0107 (Fugetsu Dojo-Cho) med Tanemura Shoto Soke i Japan 2015.<\/span><\/h2>\t\t\t\t\t\t<\/div>\n\t\t\t\t<\/div>\n\t\t\t\t\t<\/div>\n\t\t<\/div>\n\t\t\t\t<div class=\"elementor-column elementor-col-66 elementor-top-column elementor-element elementor-element-453e0fa\" data-id=\"453e0fa\" data-element_type=\"column\">\n\t\t\t<div class=\"elementor-widget-wrap elementor-element-populated\">\n\t\t\t\t\t\t\t\t<div class=\"elementor-element elementor-element-b723466 elementor-widget elementor-widget-text-editor\" data-id=\"b723466\" data-element_type=\"widget\" data-widget_type=\"text-editor.default\">\n\t\t\t\t<div class=\"elementor-widget-container\">\n\t\t\t\t\t\t\t<h4><strong><em><span style=\"color: #197dab;\">Josip Markovi\u0107, Fugetsu Dojo-Cho<\/span><\/em><\/strong><\/h4><h2>Josip Markovi\u0107 \u00e4r medlem i GWNBF och KJJR sedan 2009 d\u00e5 han b\u00f6rjade tr\u00e4na kampkonst i Genbukan Mangetsu Dojo (Zagreb, Kroatien) under handledning av Neven Kop\u010dali\u0107 Sensei (Renshi).<\/h2><h2>\u00c5r 2012 flyttade Josip fr\u00e5n Zagreb till sin hemstad Rijeka, Kroatien d\u00e4r han startade en Genbukan Mangetsu tr\u00e4ningsgrupp med tillst\u00e5nd fr\u00e5n Kop\u010dali\u0107 Sensei.<\/h2><h2>I Japan 2015. Josip klarade ett test f\u00f6r 1:a gradens svarta b\u00e4lte i KJJR-systemet och med rekommendation av Kop\u010dali\u0107 Renshi fick han tillst\u00e5nd fr\u00e5n Tanemura Soke att etablera en Dojo under det givna namnet &#8211; Fugetsu Dojo \u98a8\u6708\u9053\u5834, i \u00f6vers\u00e4ttning &#8220;Sval bris och ljus m\u00e5ne &#8211; skolan&#8221;.<\/h2><h2>Fugetsu Dojo var aktiv i Kroatien fram till 2018 d\u00e5 Josip best\u00e4mde sig f\u00f6r att flytta till Sverige av personliga sk\u00e4l. Han \u00e4r idag aktiv i sj\u00e4lvtr\u00e4ning och bes\u00f6ker kontinuerligt sin l\u00e4rare Kop\u010dali\u0107 Renshi och internationella Genbukan Taikai seminarier.<\/h2><h2><span style=\"text-decoration: underline;\">Titlar och rankningar:<\/span><\/h2><h2>\u2022 Ninpo Bugei Taijutsu Ni Dan (2. Dan)<br \/>\u2022 Jujutsu Ni Dan (2. Dan)<br \/>\u2022 Rokushaku Bo \/ Hanbo-Jutsu Sho Kyu<br \/>\u2022 Bikenjutsu San Kyu<br \/>\u2022 Shinden Fudo Ryu Ju-Taijutsu Shoden Menkyo<br \/>\u2022 Daito Ryu Aiki Jujutsu Shoden Menkyo<br \/>\u2022 Mugen Shinto Ryu Iai Jutsu Shoden Menkyo<br \/>\u2022 Takagi Yoshin Ryu Jujutsu Shoden Menkyo<br \/>\u2022 Kijin Chosui Ryu Kirigami<br \/>\u2022 Tenshin Hyoho Sensu Dori Shoden Menkyo<br \/>\u2022 Kukishin Ryu \/ Togakure Ryu Bikenjutsu Shoden Menkyo<br \/>\u2022 Bokuden Ryu Jujutsu Shoden Menkyo<\/h2>\t\t\t\t\t\t<\/div>\n\t\t\t\t<\/div>\n\t\t\t\t\t<\/div>\n\t\t<\/div>\n\t\t\t\t\t\t\t<\/div>\n\t\t<\/section>\n\t\t\t\t<section class=\"elementor-section elementor-top-section elementor-element elementor-element-d7eb263 elementor-section-boxed elementor-section-height-default elementor-section-height-default\" data-id=\"d7eb263\" data-element_type=\"section\">\n\t\t\t\t\t\t<div class=\"elementor-container elementor-column-gap-default\">\n\t\t\t\t\t<div class=\"elementor-column elementor-col-100 elementor-top-column elementor-element elementor-element-211d911\" data-id=\"211d911\" data-element_type=\"column\">\n\t\t\t<div class=\"elementor-widget-wrap elementor-element-populated\">\n\t\t\t\t\t\t\t\t<div class=\"elementor-element elementor-element-baaa4e9 elementor-widget elementor-widget-spacer\" data-id=\"baaa4e9\" data-element_type=\"widget\" data-widget_type=\"spacer.default\">\n\t\t\t\t<div class=\"elementor-widget-container\">\n\t\t\t\t\t<div class=\"elementor-spacer\">\n\t\t\t<div class=\"elementor-spacer-inner\"><\/div>\n\t\t<\/div>\n\t\t\t\t<\/div>\n\t\t\t\t<\/div>\n\t\t\t\t\t<\/div>\n\t\t<\/div>\n\t\t\t\t\t\t\t<\/div>\n\t\t<\/section>\n\t\t\t\t<section class=\"elementor-section elementor-top-section elementor-element elementor-element-f6ffaed elementor-section-full_width elementor-section-height-min-height elementor-section-height-default elementor-section-items-middle\" data-id=\"f6ffaed\" data-element_type=\"section\">\n\t\t\t\t\t\t<div class=\"elementor-container elementor-column-gap-default\">\n\t\t\t\t\t<div class=\"elementor-column elementor-col-33 elementor-top-column elementor-element elementor-element-b375c0a\" data-id=\"b375c0a\" data-element_type=\"column\">\n\t\t\t<div class=\"elementor-widget-wrap elementor-element-populated\">\n\t\t\t\t\t\t\t\t<div class=\"elementor-element elementor-element-5d167e3 elementor-widget elementor-widget-image\" data-id=\"5d167e3\" data-element_type=\"widget\" data-widget_type=\"image.default\">\n\t\t\t\t<div class=\"elementor-widget-container\">\n\t\t\t\t\t\t\t\t\t\t\t\t\t\t\t<img loading=\"lazy\" decoding=\"async\" width=\"768\" height=\"1162\" src=\"https:\/\/www.genbukan.nu\/wp-content\/uploads\/2022\/03\/Kopcalic_Renshi-Tanemura_Soke-768x1162.jpg\" class=\"attachment-medium_large size-medium_large\" alt=\"\" srcset=\"https:\/\/www.genbukan.nu\/wp-content\/uploads\/2022\/03\/Kopcalic_Renshi-Tanemura_Soke-768x1162.jpg 768w, https:\/\/www.genbukan.nu\/wp-content\/uploads\/2022\/03\/Kopcalic_Renshi-Tanemura_Soke-198x300.jpg 198w, https:\/\/www.genbukan.nu\/wp-content\/uploads\/2022\/03\/Kopcalic_Renshi-Tanemura_Soke-677x1024.jpg 677w, https:\/\/www.genbukan.nu\/wp-content\/uploads\/2022\/03\/Kopcalic_Renshi-Tanemura_Soke.jpg 1000w\" sizes=\"auto, (max-width: 768px) 100vw, 768px\" \/>\t\t\t\t\t\t\t\t\t\t\t\t\t\t\t<\/div>\n\t\t\t\t<\/div>\n\t\t\t\t<div class=\"elementor-element elementor-element-e4f6e01 elementor-widget elementor-widget-text-editor\" data-id=\"e4f6e01\" data-element_type=\"widget\" data-widget_type=\"text-editor.default\">\n\t\t\t\t<div class=\"elementor-widget-container\">\n\t\t\t\t\t\t\t<h2 style=\"text-align: center;\"><span style=\"color: #197dab;\">Neven Kop\u010dali\u0107 Renshi<\/span><span style=\"color: #197dab;\">\u00a0med Tanemura Shoto Soke i Japan 2015.<\/span><\/h2>\t\t\t\t\t\t<\/div>\n\t\t\t\t<\/div>\n\t\t\t\t\t<\/div>\n\t\t<\/div>\n\t\t\t\t<div class=\"elementor-column elementor-col-66 elementor-top-column elementor-element elementor-element-e7913eb\" data-id=\"e7913eb\" data-element_type=\"column\">\n\t\t\t<div class=\"elementor-widget-wrap elementor-element-populated\">\n\t\t\t\t\t\t\t\t<div class=\"elementor-element elementor-element-fa4d65f elementor-widget elementor-widget-text-editor\" data-id=\"fa4d65f\" data-element_type=\"widget\" data-widget_type=\"text-editor.default\">\n\t\t\t\t<div class=\"elementor-widget-container\">\n\t\t\t\t\t\t\t<h4><em><strong><span style=\"color: #197dab;\">Neven Kop\u010dali\u0107, Renshi (Mangetsu Dojo-Cho, Kroatien Shibu-Cho)<\/span><\/strong><\/em><\/h4><h2>Neven Kop\u010dali\u0107 Renshi \u00e4r medlem i Genbukan World Ninpo Bugei Federation sedan 1 mars 1998.<\/h2><h2>Storm\u00e4stare Tanemura Shoto Sensei gav erk\u00e4nnandet, Dojo Cho-licensen och namnet p\u00e5 den nya Dojo i Zagreb \u00e5r 2008.<\/h2><h2>Under namnet Mangetsu Dojo \u6e80\u6708\u9053\u5834 (i \u00f6vers\u00e4ttning &#8220;Fullm\u00e5ne &#8211; skolan&#8221;) \u00e4r Dojo under direkt handledning av Honbu Dojo i Japan och Neven Kop\u010dali\u0107 blev en student direkt under Storm\u00e4stare Tanemura.<\/h2><h2>Kop\u010dali\u0107 Renshi har rest och deltagit i olika internationella seminarier och utbildats och betygsatts under Storm\u00e4stare Tanemura.<\/h2><h2><span style=\"text-decoration: underline;\">Titlar och rankningar:<\/span><\/h2><h2>\u2022 M\u00e4sterskap Titel: Renshi<\/h2><h2>\u2022 Shibu-Cho (Regional Chef-Kroatien)<\/h2><h2>\u2022 Ninpo Bugei Taijutsu Go Dan (5. Dan)<\/h2><h2>\u2022 Jujutsu Go Dan (5. Dan) \u00a0 \u00a0\u00a0<\/h2><h2>\u2022 Rokushaku Bo-jutsu \/ Hanbo-jutsu Shoden Menkyo<\/h2><h2>\u2022 Biken-jutsu Chuden Menkyo<\/h2><h2>\u2022 Naginata-jutsu Shoden Menkyo<\/h2><h2>\u2022 Koryu Karate Hachi Kyu<\/h2><h2>\u2022 Shinden Fudo Ryu Daken Taijutsu Tanemura-ha Chuden Menkyo<\/h2><h2>\u2022 Asayama Ichiden Ryu Taijutsu Chuden Menkyo<\/h2><h2>\u2022 Tenshin Hyoho Kukishin Ryu Jujutsu Shoden Menkyo<\/h2><h2>\u2022 Togakure Ryu Ninpo Tanemura-ha Shoden Menkyo<\/h2><h2>\u2022 Amatsu Tatara Bumon Shumon Shoden Shidoin<\/h2><h2>\u2022 Takagi Yoshin Ryu Jujutsu Shoden Menkyo (Makimono Kuden)<\/h2><h2>\u2022 Kijin Chosui Ryu Daken-Taijutsu Shoden Menkyo<\/h2><h2>\u2022 Daito Ryu Aiki Jujutsu Shoden Menkyo<\/h2><h2>\u2022 Mugen Shinto Ryu Iai Jutsu Shoden Menkyo<\/h2><h2>\u2022 Shinden Fudo Ryu Ju-Taijutsu Shoden Menkyo<\/h2><h2>\u2022 &#8216;Ninpo Secrets&#8217; &#8211; Book Seminar Instructor \/ Shidoin Certificate<\/h2><h2>\u2022 Tenshin Hyoho Sensu Dori Shoden Menkyo<\/h2><h2>\u2022 Kukishin Ryu \/ Togakure Ryu Bikenjutsu Shoden Menkyo<\/h2><h2>\u2022 Bokuden Ryu Jujutsu Shoden Menkyo<\/h2><h2>\u2022 Nihonden Tenshin Koryu Kenpo Shoden Menkyo<\/h2><h2>\u2022 Araki Shin Ryu Jujutsu Shoden Menkyo<\/h2><h2>\u2022 Chugoku Kenpo Hakkesho (Bagua) 2nd Kyu<\/h2>\t\t\t\t\t\t<\/div>\n\t\t\t\t<\/div>\n\t\t\t\t\t<\/div>\n\t\t<\/div>\n\t\t\t\t\t\t\t<\/div>\n\t\t<\/section>\n\t\t\t\t\t\t<\/div>\n\t\t\t\t\t<\/div>\n\t\t","protected":false},"excerpt":{"rendered":"<p>Josip Markovi\u0107 (Fugetsu Dojo-Cho) med Tanemura Shoto Soke i Japan 2015. Josip Markovi\u0107, Fugetsu Dojo-Cho Josip Markovi\u0107 \u00e4r medlem i GWNBF och KJJR sedan 2009 d\u00e5 han b\u00f6rjade tr\u00e4na kampkonst i Genbukan Mangetsu Dojo (Zagreb, Kroatien) under handledning av Neven Kop\u010dali\u0107 Sensei (Renshi). \u00c5r 2012 flyttade Josip fr\u00e5n Zagreb till sin hemstad Rijeka, Kroatien d\u00e4r &hellip;<\/p>\n<p class=\"read-more\"> <a class=\"\" href=\"https:\/\/www.genbukan.nu\/?page_id=1559\"> <span class=\"screen-reader-text\">Instrukt\u00f6rer<\/span> Read More &raquo;<\/a><\/p>\n","protected":false},"author":1,"featured_media":0,"parent":0,"menu_order":0,"comment_status":"closed","ping_status":"closed","template":"","meta":{"site-sidebar-layout":"no-sidebar","site-content-layout":"page-builder","ast-main-header-display":"","ast-hfb-above-header-display":"","ast-hfb-below-header-display":"","ast-hfb-mobile-header-display":"","site-post-title":"disabled","ast-breadcrumbs-content":"","ast-featured-img":"disabled","footer-sml-layout":"","theme-transparent-header-meta":"","adv-header-id-meta":"","stick-header-meta":"","header-above-stick-meta":"","header-main-stick-meta":"","header-below-stick-meta":"","footnotes":""},"class_list":["post-1559","page","type-page","status-publish","hentry"],"_links":{"self":[{"href":"https:\/\/www.genbukan.nu\/index.php?rest_route=\/wp\/v2\/pages\/1559","targetHints":{"allow":["GET"]}}],"collection":[{"href":"https:\/\/www.genbukan.nu\/index.php?rest_route=\/wp\/v2\/pages"}],"about":[{"href":"https:\/\/www.genbukan.nu\/index.php?rest_route=\/wp\/v2\/types\/page"}],"author":[{"embeddable":true,"href":"https:\/\/www.genbukan.nu\/index.php?rest_route=\/wp\/v2\/users\/1"}],"replies":[{"embeddable":true,"href":"https:\/\/www.genbukan.nu\/index.php?rest_route=%2Fwp%2Fv2%2Fcomments&post=1559"}],"version-history":[{"count":25,"href":"https:\/\/www.genbukan.nu\/index.php?rest_route=\/wp\/v2\/pages\/1559\/revisions"}],"predecessor-version":[{"id":1764,"href":"https:\/\/www.genbukan.nu\/index.php?rest_route=\/wp\/v2\/pages\/1559\/revisions\/1764"}],"wp:attachment":[{"href":"https:\/\/www.genbukan.nu\/index.php?rest_route=%2Fwp%2Fv2%2Fmedia&parent=1559"}],"curies":[{"name":"wp","href":"https:\/\/api.w.org\/{rel}","templated":true}]}}